r of 1334 and 174.
58
Calculate the highest common divisor of 7 and 73.
1
What is the greatest common factor of 21 and 2037?
21
Calculate the greatest common factor of 583 and 1431.
53
What is the highest common divisor of 62329 and 157?
157
Calculate the highest common factor of 20 and 6100.
20
What is the greatest common factor of 18 and 86?
2
Calculate the highest common factor of 625 and 50.
25
What is the greatest common divisor of 22361 and 59?
59
Calculate the highest common divisor of 15 and 195.
15
What is the highest common divisor of 155 and 5?
5
What is the highest common divisor of 42 and 750?
6
Calculate the greatest common divisor of 35 and 735.
35
Calculate the highest common factor of 7 and 791.
7
What is the highest common divisor of 44 and 2794?
22
Calculate the highest common divisor of 7130 and 124.
62
What is the highest common divisor of 2076 and 36?
12
Calculate the highest common divisor of 900 and 72.
36
What is the highest common factor of 77 and 1386?
77
Calculate the greatest common divisor of 1200 and 1360.
80
Calculate the greatest common divisor of 533 and 26.
13
What is the highest common divisor of 4771 and 104?
13
What is the greatest common divisor of 448 and 532?
28
Calculate the highest common divisor of 1053 and 39.
39
Calculate the highest common divisor of 180 and 2220.
60
What is the highest common factor of 1092 and 224?
28
What is the greatest common factor of 45 and 150?
15
What is the highest common factor of 60 and 330?
30
What is the greatest common factor of 31 and 713?
31
Calculate the highest common divisor of 2854 and 2.
2
What is the greatest common divisor of 507 and 312?
39
Calculate the highest common factor of 1408 and 22.
22
What is the highest common factor of 435 and 75?
15
Calculate the highest common divisor of 228 and 12.
12
Calculate the greatest common factor of 117 and 897.
39
What is the highest common factor of 51 and 48?
3
Calculate the greatest common divisor of 17 and 3281.
17
What is the greatest common factor of 147 and 6?
3
What is the greatest common factor of 9 and 5238?
9
Calculate the greatest common factor of 4263 and 261.
87
What is the highest common factor of 200 and 5140?
20
What is the highest common divisor of 2007 and 99?
9
Calculate the greatest common divisor of 376 and 16.
8
What is the highest common factor of 88 and 56?
8
Calculate the highest common factor of 436 and 1.
1
Calculate the greatest common divisor of 7965 and 590.
295
What is the greatest common divisor of 221 and 10829?
221
What is the highest common divisor of 704 and 44?
44
What is the greatest common factor of 44 and 108?
4
Calculate the highest common factor of 11360 and 5.
5
Calculate the greatest common factor of 15 and 1830.
15
Calculate the greatest common divisor of 21 and 66675.
21
Calculate the highest common factor of 15 and 375.
15
What is the highest common factor of 126 and 28?
14
What is the highest common divisor of 2856 and 504?
168
What is the greatest common divisor of 627 and 44?
11
What is the greatest common divisor of 128 and 56?
8
What is the highest common factor of 128 and 160?
32
What is the greatest common divisor of 275 and 5995?
55
Calculate the greatest common divisor of 1113 and 12.
3
Calculate the greatest common factor of 1333 and 62.
31
What is the greatest common divisor of 6 and 96?
6
Calculate the highest common factor of 26 and 26.
26
Calculate the greatest common factor of 24 and 1542.
6
What is the greatest common factor of 3949 and 11?
11
What is the greatest common divisor of 252 and 84?
84
What is the highest common factor of 32 and 80?
16
What is the greatest common divisor of 3032 and 24?
8
What is the greatest common divisor of 68 and 2278?
34
Calculate the highest common factor of 33 and 2739.
33
Calculate the highest common factor of 192 and 48.
48
What is the highest common factor of 114 and 627?
57
Calculate the highest common factor of 621 and 432.
27
Calculate the greatest common divisor of 15 and 375.
15
What is the greatest common factor of 1587 and 3?
3
What is the highest common factor of 24 and 4440?
24
Calculate the highest common factor of 378 and 42.
42
What is the greatest common divisor of 595 and 735?
35
Calculate the greatest common factor of 432 and 270.
54
What is the greatest common divisor of 330 and 2200?
110
What is the highest common factor of 19052 and 44?
44
What is the highest common factor of 24 and 204?
12
Calculate the greatest common divisor of 99 and 45.
9
Calculate the highest common factor of 6739 and 69.
23
Calculate the greatest common factor of 9058 and 14.
14
Calculate the highest common factor of 67 and 11.
1
What is the highest common divisor of 54 and 90?
18
Calculate the greatest common factor of 7 and 1442.
7
What is the greatest common divisor of 2527 and 266?
133
What is the greatest common divisor of 6 and 34?
2
Calculate the greatest common factor of 544 and 17.
17
Calculate the highest common divisor of 127 and 113411.
127
What is the greatest common factor of 3 and 27?
3
What is the highest common divisor of 92 and 2?
2
Calculate the greatest common divisor of 10868 and 608.
76
Calculate the greatest common factor of 69 and 2001.
69
Calculate the greatest common factor of 18 and 54.
18
Calculate the greatest common factor of 130 and 4615.
65
What is the highest common divisor of 157 and 5809?
157
Calculate the highest common divisor of 2 and 34.
2
Calculate the highest common divisor of 57 and 9.
3
What is the greatest common factor of 204 and 1122?
102
What is the greatest common divisor of 30 and 10?
10
What is the greatest common divisor of 5282 and 5004?
278
Calculate the greatest common factor of 567 and 126.
63
What is the highest common factor of 32 and 128?
32
What is the highest common factor of 3960 and 240?
120
Calculate the highest common factor of 176 and 62920.
88
Calculate the highest common factor of 13 and 104.
13
What is the highest common factor of 110 and 47630?
110
What is the greatest common divisor of 40 and 790?
10
What is the greatest common divisor of 3546 and 42?
6
Calculate the greatest common divisor of 17 and 85.
17
What is the highest common factor of 78 and 18?
6
What is the highest common divisor of 1310 and 20?
10
What is the greatest common factor of 2540 and 80?
20
What is the greatest common factor of 1547 and 187?
17
Calculate the highest common factor of 152 and 64.
8
Calculate the highest common divisor of 1 and 43.
1
Calculate the highest common divisor of 2233 and 3451.
203
Calculate the highest common factor of 9555 and 30.
15
What is the highest common factor of 60 and 2040?
60
Calculate the greatest common divisor of 192 and 1600.
64
Calculate the greatest common divisor of 575 and 900.
25
What is the highest common factor of 206 and 7725?
103
Calculate the highest common divisor of 411 and 3.
3
What is the highest common factor of 6 and 1866?
6
What is the highest common divisor of 11190 and 30?
30
Calculate the greatest common divisor of 1177 and 22.
11
Calculate the highest common factor of 116 and 2465.
29
Calculate the greatest common factor of 25 and 6.
1
Calculate the highest common factor of 50 and 4970.
10
What is the highest common divisor of 8256 and 768?
192
Calculate the greatest common divisor of 182 and 2938.
26
Calculate the highest common divisor of 39 and 52.
13
Calculate the highest common factor of 92 and 2093.
23
Calculate the highest common divisor of 460 and 3611.
23
What is the highest common factor of 2520 and 240?
120
What is the highest common factor of 95 and 38?
19
Calculate the highest common divisor of 42 and 10059.
21
What is the greatest common divisor of 4452 and 210?
42
What is the greatest common factor of 80 and 160?
80
What is the highest common divisor of 595 and 187?
17
Calculate the highest common factor of 1780 and 160.
20
What is the highest common factor of 1152 and 18?
18
What is the highest common factor of 146 and 6278?
146
What is the highest common divisor of 110 and 12485?
55
What is the highest common divisor of 168 and 1113?
21
What is the highest common factor of 623 and 7?
7
Calculate the highest common divisor of 11228 and 308.
28
Calculate the highest common divisor of 31609 and 73.
73
What